 + 4?
-5
What is the value of 37 + -38 + 4 + -1?
2
(8 + -1 - (-1 + 0)) + -3
5
What is the value of 21 + -13 + -13 + 3?
-2
Calculate (-6 - -3) + -1 + 1 + 1.
-2
(-21 - -19) + (-2 - -3) + -6
-7
Evaluate 4 + 10 + -15 - 6.
-7
(8 - (1 + 1)) + (-5 - -1)
2
Calculate (-3 - (-1 + -1)) + (-14 - -11).
-4
What is the value of 8 + 1 + (49 - 65)?
-7
What is 0 + 0 - (-14 - -10)?
4
What is the value of -2 + 7 + (-1 - 3) + -1?
0
-24 - -39 - (-2 + (0 - -9))
8
What is -5 + (-3 - -3) - (-1 + 1)?
-5
-2 - ((5 - 1) + -4)
-2
What is 0 + (-4 + -1 + 2 - 4)?
-7
What is -6 + -4 + 6 - -4?
0
1 + (0 - 2) + 5
4
What is the value of -2 - -2 - (-6 + 3 - 0)?
3
Calculate -1 + (2 - 2) + (6 - 2).
3
-7 + (6 - -1 - -5)
5
(2 - 1) + 6 - (-28 - -30)
5
What is the value of -2 + (-3 + 5 + -1 - 4)?
-5
Calculate 0 + (-3 - 0) + 0 + 3.
0
Evaluate -1 + 15 + -7 - 3.
4
What is (-1 - (-11 + 6)) + 2?
6
What is the value of (17 - 4) + -20 - -11?
4
What is -13 - (-6 - -2) - -6?
-3
-13 + -3 + 18 + 0
2
What is 6 + -7 + 0 + -6?
-7
What is 4 + -2 - (3 - (16 - 12))?
3
What is the value of 0 - 2 - (-3 - -4)?
-3
Calculate (-19 - -9) + -1 + 1 + 5.
-5
Calculate 11 + -16 - (-5 - -1) - 5.
-6
What is -14 - -10 - (0 + 1)?
-5
Evaluate -4 - (4 - (13 + 0)).
5
What is the value of 7 + (-2 - -4) + 0 + -6?
3
Calculate (10 - 2) + -6 - (-1 + -2).
5
Calculate 2 + (7 - 1) + -18 + 17.
7
Calculate 3 - (-2 + 1 - -5) - 1.
-2
Calculate 31 + -35 - (-2 + 2 - 6).
2
Calculate (10 - 33) + 10 - -6.
-7
Calculate 0 - (0 + 1 + 2 + -5).
2
What is 3 - (-2 - (1 + -2 + -1))?
3
What is -4 - (-2 + 0 + (1 - 2))?
-1
Evaluate (0 - -1) + (-3 - 1).
-3
Evaluate (9 - 2) + (-8 - -4 - 2).
1
1 - (5 + -1 - (-3 - -1))
-5
(-8 - -12) + (-1 + 1 - 4)
0
3 + (-4 + -4 - -3)
-2
Evaluate -5 - -1 - -8 - (0 + 4).
0
What is the value of 6 + (12 + -9 - 5)?
4
Calculate 6 + -4 - (-4 - -7).
-1
What is the value of 0 + 12 + -1 - (-134 + 138)?
7
Calculate -3 + -1 + 3 - (1 - 3).
1
-8 - 2 - (3 - 15)
2
What is the value of 3 + -2 + -4 + 1?
-2
Calculate (1 - 3) + (19 - 17).
0
Calculate (0 - -7) + (6 - 0) + -9.
4
What is 0 + 1 + -3 + 8 + -6?
0
Evaluate 1 - (-3 - -3) - (2 - -1).
-2
What is the value of 15 + -5 - 20 - -11?
1
Calculate -10 - (10 - 23 - 2).
5
Calculate -11 - (-16 + (7 - -2)).
-4
What is (-9 + 14 - 13) + 5?
-3
What is the value of 6 + -1 + -3 + (-10 - -4)?
-4
Evaluate (-18 - -8) + (2 - -7).
-1
What is (3 - 2) + (-7 - -3)?
-3
Evaluate 3 + (-5 - 6 - -5) - 3.
-6
Evaluate -28 + 37 - (1 + 2).
6
Calculate (5 - (0 - -2)) + 1.
4
Evaluate 4 + (9 + (-4 - 0) - 10).
-1
Evaluate 0 - (-3 + 3 + -3 + 0).
3
Evaluate -12 - (-13 - (-6 - 0)).
-5
-12 + 8 + 9 + -3 + -4
-2
What is the value of (7 + -13 - -14) + -3?
5
What is the value of (-5 - (3 + -4)) + (10 - 14)?
-8
Evaluate 3 - (7 + -3) - -2.
1
What is 1 + 1 - (11 + -7 + -3)?
1
What is 4 + -5 + -1 + 4 + -1?
1
Calculate 0 + 3 - (2 + 1 - 3).
3
What is the value of (13 - (12 + 1)) + -5?
-5
(10 - 9) + 0 - (1 + -5)
5
What is the value of 0 + -5 - (-3 + 14 + -14)?
-2
Calculate -7 - (-9 - (0 + -6)).
-4
What is -15 + 21 - (11 - -1)?
-6
What is (-4 - -5) + (1 - 6)?
-4
-1 + -8 + 2 + 4
-3
Calculate (43 - 44) + (-4 - -1).
-4
Calculate -3 + -2 + (5 - 4 - 2).
-6
39 + -38 - (0 - 3)
4
What is (-2 - 10 - -7) + 11?
6
-4 + 5 + 3 - (1 + 7)
-4
Calculate -1 + -2 - (12 + (8 - 22)).
-1
Calculate (-7 - -2) + (-27 - -31).
-1
Calculate 6 + 6 + -15 + 1 + 0.
-2
(244 - 257) + (15 - 0)
2
1 + 1 + -10 + 3 + 0
-5
Evaluate 11 + -11 + 5 - 3.
2
-6 - ((0 - 2) + 0)
-4
Calculate -3 - (-3 - 5) - -3.
8
Calculate -1 + 18 + 0 + -11.
6
4 - (5 - ((0 - -1) + 2))
2
What is -2 - (5 + -3) - -7?
3
What is -6 + 12 - (0 - -4)?
2
What is -2 + 3 + -6 - 1?
-6
Calculate 26 + -23 + (-6 + 1 - 1).
-3
What is (12 - 1) + (-6 - (-9 + 9))?
5
What is the value of (3 - (5 + -3)) + 6?
7
What is 6 + -1 - (-4 + 6 + 0)?
3
What is -1 + 1 - (12 - 11)?
-1
Calculate 4 + (2 - (9 - -2)).
-5
Calculate 13 - 6 - (8 - -4).
-5
What is (-18 - -10) + -1 + 5?
-4
Calculate -1 + (1 - 1 - -6).
5
Calculate -22 + 12 + 13 - (0 + 0).
3
What is the value of -8 + 9 - (-2 + 3 + -1)?
1
1 + 3 + -5 + 1
0
6 - (14 + -8 - (1 - 0))
1
Calculate 0 + -13 + -7 + 19.
-1
What is the value of -3 + 1 - (76 - 75)?
-3
7 + (-9 + 5 - 5)
-2
What is 4 + (-1 - -1 - (3 - 1))?
2
What is 4 + (4 - 8) - 5?
-5
What is -13 + 14 + -4 + -4?
-7
Calculate -2 - (-2 - -3 - (6 + -3)).
0
Evaluate -7 + (4 + -8 - -10).
-1
0 - 4 - (2 + -5) - 4
-5
Evaluate -13 + 34 + -21 - (2 + -1).
-1
Calculate -5 + -5 + 5 - -1.
-4
What is the value of -9 - ((12 - 8) + -4 + -3)?
-6
What is the value of -5 - (7 + (-3 - (3 + 1)))?
-5
What is the value of 10 - (-18 - -12 - -10)?
6
What is the value of -1 - 1 - (1 - 0) - -1?
-2
Calculate 5 + (-21 - (4 + -15)).
-5
What is 0 + 1 - (5 - (-4 - -3))?
-5
What is 2 + (3 - 3 - 3)?
-1
What is the value of 9 - (-9 + 14 + (3 - 4))?
5
Evaluate (12 - 11) + (6 - -1 - 1).
7
Evaluate -1 - ((-12 - -19) + (-2 - 2)).
-4
What is the value of -3 - 0 - (0 + -4 + 0)?
1
What is 2 + (14 - 18 - (0 - -1))?
-3
3 + -6 - -4 - 1
0
3 + 1 - 8 - 2
-6
What is -4 + (3 + -10 - -7)?
-4
Evaluate 12 + -24 + 16 + 2.
6
What is the value of 6 + -8 + 3 + 0 + -4?
-3
0 + 2 + (-2 - (-12 - -16))
-4
(5 - 2 - 1) + -4
-2
3 + (6 - 2) + -18 + 6
-5
Evaluate 5 + -1 - 2 - 4.
-2
Calculate 1 + 1 + 8 + (3 - 9).
4
Evaluate (0 - 0) + (10 - 11).
-1
Calculate -4 + (1 - (1 + -2)).
-2
Calculate -27 - -23 - (-1 + 1 + -1).
-3
What is -5 + 0 - -6 - -4?
5
Calculate -4 - (-5 - 1) - (2 + 0).
0
Calculate -5 - -4 - ((-4 - -5) + 3).
-5
Evaluate (-6 + 1 - -7) + -4.
-2
Calculate (-2 - -2) + (-5 - -2).
-3
What is the value of (-3 - 4) + 12 + -4?
1
(-1 - -2) + -4 + -8 - -7
-4
Evaluate -4 - -3 - (3 - (2 - 2)).
-4
Calculate 3 + 1 + -9 - (-5 - -2).
-2
What is -7 + -9 + (20 - 7 - 8)?
-11
Evaluate -5 + (6 - 0) - 6.
-5
Evaluate (8 - (1 + 3)) + 0.
4
What is (-6 - 1) + 83 + -85?
-9
(-5 + 1 - 0) + -2 + 1
-5
What is -18 + 14 + (6 - 2)?
0
Evaluate 1 - 1 - (8 - 6) - 1.
-3
Calculate (15 - 2) + -6 + -2.
5
2 + 4 + -5 + 3
4
What is -1 + 2 - (0 + -3 + 1)?
3
What is 16 + -9 + 2 + -16?
-7
Evaluate (-8 - 8) + 8 + 2.
-6
Calculate -4 + 7 + -3 - -2 - 3.
-1
Evaluate -2 + 12 + -6 + -8.
-4
What is the value of 8 + (3 - 7) - (-4 + 3)?
5
What is the value of 5 - (2 + -3) - 11?
-5
What is the value of (610 - 608) + (-1 - 0 - 5)?
-4
Calculate 2 - -3 - (12 + 2 + -1).
-8
Evaluate 3 + -2 - (2 + -7).
6
Evaluate -3 + (-2 - (-2 + 2)).
-5
What is the value of (1 - 1) + (1 - 5)?
-4
Calculate (-1 - -1) + (43 - 36).
7
Evaluate 1 + 1 + -5 + -3 + 1.
-5
Calculate -13 + 6 + 8 - (1 - 3).
3
Evaluate -7 + 4 + 2 + -4.
-5
Evaluate (-13 - -7) + 7 + -3.
-2
What is the value of 21 + -17 - (2 + -4)?
6
What is (4 - 2) + -4 - -6?
4
What is the value of (-3 - ((-14 - -2) + 6)) + -3?
0
What is the value of 5 - (-1 - -3 - -1)?
2
What is the value of -1 - ((7 - 2) + -12 + 9)?
-3
Calculate 30 + -5 + -9 - 12.
4
Evaluate 12 - (-4 + (-1 - -12)).
5
What is (1 - (7 + -3)) + -13 + 18?
2
What is the value of 4 + (-2 - (-1 + 8)) + 2?
-3
Evaluate -3 - (0 + 0) - (-5 + 7).
-5
What is -12 + 5 - -3 - -6?
2
What is (-10 - -10) + (7 - 1) + 0?
6
Calculate 1 + 1 - ((-6 - -2) + 2).
4
What is the value of (-1 - -2) + (6 - 7)?
0
Evaluate 0 - ((0 - -2) + 3).
-5
Evaluate -14 - (11 - (6 + 15)).
-4
5 - (1 + 6 + -4) - -6
8
Evaluate 4 + (-6 - -1) + -7 - -5.
-3
Calculate -1 + (-61 + 54 - (-1 + -6)).
-1
-8 - (0 + -4) - (-9 + 6)
-1
What is the value of 3 - (-5 + (-4 + 6 - -4))?
2
Evaluate 5 + -4 + -3 + 0 + 2.
0
(0 + 5 - -1) + (-14 - -13)
5
What is the value of 2 + -1 - 2 - (38 - 36)?
-3
Evaluate (15 - 13) + 2 + 0.
4
Evaluate 1 - (-3 - -3) - -2.
3
Calculate -1 - 4 - (6 - (3 - -5)).
-3
4 - (-1 + 7 - (5 - -3))
6
Evaluate -10 - (-8 + 2 + (2 - 1)).
-5
-3 + 1 + -1 - (241 - 250)
6
Calculate (-72 - -79) + 1 + -14.
-6
Evaluate (1 - -2 - (2 - 1)) + 0.
2
Evaluate 0 + 0 - (11 - 14).
3
Calculate 2 - (-8 + 16) - -7.
1
Evaluate -5 + 7 + -1 - -3.
4
Evaluate -7 - -13 - 3 - (0 + 7).
-4
Calculate 0 - -9 - (4 + 0) - 0.
5
What is the value of (-2 - -2) + (6 - -3 - 1)?
8
Calculate 1 - ((-1 - (0 + -5)) + 1).
-4
What is -1 - ((-7 - -5) + 9)?
-8
What is the value of (22 - 16) + 1 + 2 + -6?
3
2 + -2 - (-1 - -2 - -2)
-3
What is 7 - -1 - (16 - 1 - 14)?
7
What is 2 + -6 + -5 + 5 + -2?
-6
What is the value of (11 - 5) + (3 - 4)?
5
Calculate 5 + 2 - (13 + -12).
6
What is (25 - 3) + -10 - 7?
5
Evaluate -11 + 13 - (-1 + -1 - 